ors of 53377.
53377
List the prime factors of 82975.
5, 3319
What are the prime factors of 849?
3, 283
What are the prime factors of 37660?
2, 5, 7, 269
List the prime factors of 16032.
2, 3, 167
What are the prime factors of 496?
2, 31
What are the prime factors of 14?
2, 7
List the prime factors of 2305.
5, 461
What are the prime factors of 118?
2, 59
What are the prime factors of 48392?
2, 23, 263
What are the prime factors of 1594?
2, 797
What are the prime factors of 97312?
2, 3041
What are the prime factors of 22296?
2, 3, 929
What are the prime factors of 10530?
2, 3, 5, 13
What are the prime factors of 101315?
5, 23, 881
What are the prime factors of 507?
3, 13
List the prime factors of 10956.
2, 3, 11, 83
List the prime factors of 9888.
2, 3, 103
List the prime factors of 24094.
2, 7, 1721
List the prime factors of 2782.
2, 13, 107
List the prime factors of 4163.
23, 181
List the prime factors of 1906.
2, 953
What are the prime factors of 139289?
19, 7331
List the prime factors of 91407.
3, 30469
What are the prime factors of 21169?
21169
What are the prime factors of 1185?
3, 5, 79
What are the prime factors of 1587?
3, 23
What are the prime factors of 28288?
2, 13, 17
List the prime factors of 5298.
2, 3, 883
List the prime factors of 24116.
2, 6029
What are the prime factors of 7346?
2, 3673
List the prime factors of 45458.
2, 7, 17, 191
List the prime factors of 6251.
7, 19, 47
List the prime factors of 3877.
3877
List the prime factors of 88411.
88411
List the prime factors of 5571.
3, 619
List the prime factors of 5811.
3, 13, 149
List the prime factors of 1043.
7, 149
What are the prime factors of 5064?
2, 3, 211
List the prime factors of 3310.
2, 5, 331
What are the prime factors of 928?
2, 29
List the prime factors of 1696.
2, 53
List the prime factors of 454.
2, 227
What are the prime factors of 7865?
5, 11, 13
What are the prime factors of 3278?
2, 11, 149
List the prime factors of 19127.
31, 617
What are the prime factors of 19894?
2, 7, 29
List the prime factors of 3362.
2, 41
What are the prime factors of 215?
5, 43
List the prime factors of 17017.
7, 11, 13, 17
List the prime factors of 14358.
2, 3, 2393
What are the prime factors of 846?
2, 3, 47
List the prime factors of 1223.
1223
List the prime factors of 527.
17, 31
What are the prime factors of 395?
5, 79
List the prime factors of 76703.
11, 19, 367
What are the prime factors of 5534?
2, 2767
What are the prime factors of 7405?
5, 1481
List the prime factors of 6972.
2, 3, 7, 83
List the prime factors of 862.
2, 431
List the prime factors of 16291.
11, 1481
What are the prime factors of 8652?
2, 3, 7, 103
What are the prime factors of 6318?
2, 3, 13
What are the prime factors of 38506?
2, 13, 1481
What are the prime factors of 7057?
7057
List the prime factors of 1337.
7, 191
List the prime factors of 5131.
7, 733
List the prime factors of 169888.
2, 5309
List the prime factors of 75900.
2, 3, 5, 11, 23
What are the prime factors of 46820?
2, 5, 2341
What are the prime factors of 1013?
1013
What are the prime factors of 15653?
11, 1423
List the prime factors of 14412.
2, 3, 1201
List the prime factors of 1803.
3, 601
List the prime factors of 2645.
5, 23
List the prime factors of 1158.
2, 3, 193
List the prime factors of 5881.
5881
What are the prime factors of 392?
2, 7
List the prime factors of 30792.
2, 3, 1283
List the prime factors of 16577.
11, 137
What are the prime factors of 1113?
3, 7, 53
List the prime factors of 1597.
1597
What are the prime factors of 1909?
23, 83
List the prime factors of 9257.
9257
What are the prime factors of 2975?
5, 7, 17
What are the prime factors of 47678?
2, 31, 769
What are the prime factors of 6617?
13, 509
List the prime factors of 5447.
13, 419
What are the prime factors of 498?
2, 3, 83
What are the prime factors of 293?
293
What are the prime factors of 4361?
7, 89
What are the prime factors of 60437?
13, 4649
What are the prime factors of 268?
2, 67
List the prime factors of 1838.
2, 919
List the prime factors of 19990.
2, 5, 1999
List the prime factors of 1686.
2, 3, 281
List the prime factors of 426.
2, 3, 71
What are the prime factors of 721?
7, 103
What are the prime factors of 12513?
3, 43, 97
What are the prime factors of 2355?
3, 5, 157
List the prime factors of 101126.
2, 59, 857
List the prime factors of 8959.
17, 31
List the prime factors of 2312.
2, 17
List the prime factors of 1593.
3, 59
What are the prime factors of 14000?
2, 5, 7
List the prime factors of 14072.
2, 1759
List the prime factors of 43388.
2, 10847
List the prime factors of 74909.
173, 433
List the prime factors of 159497.
13, 12269
List the prime factors of 28563.
3, 9521
What are the prime factors of 30171?
3, 89, 113
List the prime factors of 50517.
3, 1871
List the prime factors of 3339.
3, 7, 53
List the prime factors of 123604.
2, 13, 2377
What are the prime factors of 3831?
3, 1277
List the prime factors of 4771.
13, 367
What are the prime factors of 20686?
2, 10343
What are the prime factors of 26718?
2, 3, 61, 73
What are the prime factors of 5092?
2, 19, 67
List the prime factors of 1760.
2, 5, 11
List the prime factors of 22375.
5, 179
List the prime factors of 1344.
2, 3, 7
List the prime factors of 79634.
2, 29, 1373
What are the prime factors of 110189?
251, 439
List the prime factors of 4252.
2, 1063
List the prime factors of 2354.
2, 11, 107
What are the prime factors of 31553?
139, 227
List the prime factors of 625.
5
List the prime factors of 19768.
2, 7, 353
What are the prime factors of 25508?
2, 7, 911
What are the prime factors of 18841?
83, 227
List the prime factors of 35869.
35869
List the prime factors of 2439.
3, 271
What are the prime factors of 3343?
3343
List the prime factors of 6892.
2, 1723
What are the prime factors of 22806?
2, 3, 7, 181
List the prime factors of 994.
2, 7, 71
List the prime factors of 5340.
2, 3, 5, 89
What are the prime factors of 1597?
1597
List the prime factors of 16010.
2, 5, 1601
What are the prime factors of 104814?
2, 3, 647
What are the prime factors of 65980?
2, 5, 3299
List the prime factors of 177.
3, 59
List the prime factors of 1906.
2, 953
What are the prime factors of 8017?
8017
List the prime factors of 3002.
2, 19, 79
List the prime factors of 11807.
11807
List the prime factors of 1106.
2, 7, 79
What are the prime factors of 22542?
2, 3, 13, 17
What are the prime factors of 679?
7, 97
List the prime factors of 23925.
3, 5, 11, 29
What are the prime factors of 28371?
3, 7, 193
List the prime factors of 249.
3, 83
List the prime factors of 3161.
29, 109
List the prime factors of 1275.
3, 5, 17
What are the prime factors of 786?
2, 3, 131
List the prime factors of 143234.
2, 7, 13, 787
List the prime factors of 3300.
2, 3, 5, 11
What are the prime factors of 5588?
2, 11, 127
What are the prime factors of 27321?
3, 7, 1301
List the prime factors of 1254.
2, 3, 11, 19
What are the prime factors of 1071?
3, 7, 17
What are the prime factors of 44736?
2, 3, 233
What are the prime factors of 4238?
2, 13, 163
What are the prime factors of 57589?
7, 19, 433
What are the prime factors of 3804?
2, 3, 317
What are the prime factors of 4294?
2, 19, 113
What are the prime factors of 140652?
2, 3, 3907
What are the prime factors of 10831?
10831
List the prime factors of 3754.
2, 1877
List the prime factors of 23789.
23789
List the prime factors of 960.
2, 3, 5
What are the prime factors of 129?
3, 43
What are the prime factors of 1827?
3, 7, 29
List the prime factors of 9633.
3, 13, 19
What are the prime factors of 53648?
2, 7, 479
List the prime factors of 10.
2, 5
What are the prime factors of 3597?
3, 11, 109
What are the prime factors of 632?
2, 79
List the prime factors of 378.
2, 3, 7
List the prime factors of 18631.
31, 601
What are the prime factors of 8183?
7, 167
List the prime factors of 17572.
2, 23, 191
List the prime factors of 2676.
2, 3, 223
List the prime factors of 5208.
2, 3, 7, 31
List the prime factors of 57036.
2, 3, 7, 97
List the prime factors of 7630.
2, 5, 7, 109
What are the prime factors of 28694?
2, 14347
What are the prime factors of 26800?
2, 5, 67
What are the prime factors of 9899?
19, 521
List the prime factors of 130893.
3, 7, 23, 271
List the prim